mainder when 289 is divided by 5?
4
Calculate the remainder when 963 is divided by 314.
21
Calculate the remainder when 63 is divided by 7.
0
Calculate the remainder when 215 is divided by 197.
18
What is the remainder when 95 is divided by 32?
31
What is the remainder when 340 is divided by 49?
46
What is the remainder when 1570 is divided by 383?
38
Calculate the remainder when 1366 is divided by 152.
150
Calculate the remainder when 607 is divided by 289.
29
What is the remainder when 3020 is divided by 1004?
8
What is the remainder when 313 is divided by 35?
33
What is the remainder when 1242 is divided by 11?
10
What is the remainder when 138 is divided by 58?
22
What is the remainder when 1210 is divided by 302?
2
What is the remainder when 181 is divided by 28?
13
Calculate the remainder when 583 is divided by 26.
11
What is the remainder when 557 is divided by 33?
29
What is the remainder when 982 is divided by 53?
28
Calculate the remainder when 676 is divided by 26.
0
Calculate the remainder when 75 is divided by 44.
31
What is the remainder when 717 is divided by 206?
99
Calculate the remainder when 2301 is divided by 18.
15
What is the remainder when 119 is divided by 72?
47
What is the remainder when 433 is divided by 150?
133
What is the remainder when 2332 is divided by 4?
0
Calculate the remainder when 427 is divided by 132.
31
What is the remainder when 597 is divided by 11?
3
What is the remainder when 44 is divided by 9?
8
Calculate the remainder when 227 is divided by 58.
53
Calculate the remainder when 885 is divided by 81.
75
What is the remainder when 88 is divided by 31?
26
Calculate the remainder when 21734 is divided by 207.
206
What is the remainder when 91 is divided by 45?
1
Calculate the remainder when 18 is divided by 4.
2
What is the remainder when 324 is divided by 58?
34
What is the remainder when 177 is divided by 91?
86
Calculate the remainder when 2355 is divided by 236.
231
Calculate the remainder when 298 is divided by 112.
74
What is the remainder when 1060 is divided by 348?
16
Calculate the remainder when 2309 is divided by 178.
173
Calculate the remainder when 24 is divided by 5.
4
Calculate the remainder when 889 is divided by 5.
4
What is the remainder when 3007 is divided by 11?
4
Calculate the remainder when 119 is divided by 23.
4
Calculate the remainder when 723 is divided by 46.
33
Calculate the remainder when 542 is divided by 91.
87
What is the remainder when 554 is divided by 18?
14
Calculate the remainder when 373 is divided by 47.
44
Calculate the remainder when 51 is divided by 9.
6
Calculate the remainder when 193 is divided by 43.
21
Calculate the remainder when 203 is divided by 99.
5
What is the remainder when 2261 is divided by 78?
77
Calculate the remainder when 128 is divided by 4.
0
Calculate the remainder when 1160 is divided by 21.
5
Calculate the remainder when 1432 is divided by 26.
2
What is the remainder when 2306 is divided by 154?
150
Calculate the remainder when 97 is divided by 28.
13
Calculate the remainder when 199 is divided by 7.
3
What is the remainder when 1481 is divided by 213?
203
What is the remainder when 353 is divided by 73?
61
What is the remainder when 201 is divided by 36?
21
What is the remainder when 74 is divided by 3?
2
What is the remainder when 1110 is divided by 87?
66
What is the remainder when 712 is divided by 55?
52
Calculate the remainder when 11394 is divided by 44.
42
What is the remainder when 7334 is divided by 49?
33
Calculate the remainder when 424 is divided by 140.
4
What is the remainder when 2201 is divided by 569?
494
What is the remainder when 142 is divided by 24?
22
What is the remainder when 48 is divided by 25?
23
What is the remainder when 225 is divided by 39?
30
Calculate the remainder when 610 is divided by 12.
10
What is the remainder when 104 is divided by 19?
9
What is the remainder when 234 is divided by 64?
42
Calculate the remainder when 3252 is divided by 155.
152
Calculate the remainder when 864 is divided by 264.
72
Calculate the remainder when 1530 is divided by 26.
22
Calculate the remainder when 1789 is divided by 28.
25
Calculate the remainder when 2572 is divided by 103.
100
Calculate the remainder when 340 is divided by 38.
36
Calculate the remainder when 188 is divided by 38.
36
What is the remainder when 666 is divided by 223?
220
Calculate the remainder when 11237 is divided by 281.
278
What is the remainder when 358 is divided by 99?
61
What is the remainder when 5039 is divided by 90?
89
What is the remainder when 813 is divided by 8?
5
What is the remainder when 241 is divided by 47?
6
What is the remainder when 371 is divided by 124?
123
Calculate the remainder when 718 is divided by 207.
97
What is the remainder when 105 is divided by 19?
10
Calculate the remainder when 1297 is divided by 17.
5
What is the remainder when 44 is divided by 6?
2
What is the remainder when 148 is divided by 24?
4
Calculate the remainder when 1074 is divided by 180.
174
Calculate the remainder when 276 is divided by 35.
31
Calculate the remainder when 1073 is divided by 223.
181
Calculate the remainder when 436 is divided by 6.
4
What is the remainder when 28 is divided by 8?
4
What is the remainder when 155 is divided by 87?
68
Calculate the remainder when 128 is divided by 47.
34
Calculate the remainder when 1105 is divided by 27.
25
What is the remainder when 59 is divided by 30?
29
What is the remainder when 133 is divided by 34?
31
Calculate the remainder when 1284 is divided by 92.
88
Calculate the remainder when 44 is divided by 12.
8
Calculate the remainder when 2857 is divided by 3.
1
Calculate the remainder when 77 is divided by 6.
5
Calculate the remainder when 162 is divided by 44.
30
What is the remainder when 181 is divided by 76?
29
What is the remainder when 19 is divided by 10?
9
What is the remainder when 494 is divided by 21?
11
What is the remainder when 534 is divided by 54?
48
What is the remainder when 221 is divided by 57?
50
Calculate the remainder when 1689 is divided by 7.
2
Calculate the remainder when 270 is divided by 48.
30
What is the remainder when 96 is divided by 73?
23
What is the remainder when 659 is divided by 17?
13
Calculate the remainder when 458 is divided by 98.
66
What is the remainder when 9952 is divided by 9?
7
Calculate the remainder when 7436 is divided by 111.
110
What is the remainder when 1173 is divided by 1166?
7
What is the remainder when 134 is divided by 27?
26
What is the remainder when 1229 is divided by 358?
155
What is the remainder when 2864 is divided by 70?
64
What is the remainder when 18 is divided by 4?
2
What is the remainder when 380 is divided by 35?
30
What is the remainder when 58 is divided by 23?
12
Calculate the remainder when 114 is divided by 8.
2
What is the remainder when 447 is divided by 10?
7
What is the remainder when 598 is divided by 196?
10
Calculate the remainder when 94 is divided by 92.
2
Calculate the remainder when 352 is divided by 170.
12
Calculate the remainder when 120 is divided by 30.
0
Calculate the remainder when 528 is divided by 59.
56
Calculate the remainder when 131 is divided by 45.
41
Calculate the remainder when 1613 is divided by 77.
73
What is the remainder when 475 is divided by 53?
51
Calculate the remainder when 178 is divided by 16.
2
What is the remainder when 393 is divided by 22?
19
What is the remainder when 24366 is divided by 8?
6
Calculate the remainder when 230 is divided by 25.
5
Calculate the remainder when 270 is divided by 87.
9
What is the remainder when 463 is divided by 8?
7
Calculate the remainder when 727 is divided by 14.
13
What is the remainder when 123 is divided by 23?
8
Calculate the remainder when 158 is divided by 9.
5
Calculate the remainder when 280 is divided by 49.
35
Calculate the remainder when 218 is divided by 66.
20
What is the remainder when 138 is divided by 36?
30
What is the remainder when 822 is divided by 119?
108
What is the remainder when 322 is divided by 9?
7
What is the remainder when 492 is divided by 31?
27
Calculate the remainder when 190 is divided by 46.
6
Calculate the remainder when 849 is divided by 55.
24
What is the remainder when 3972 is divided by 137